ose 27 = -5*v - 3*y, -v - 2*y - 23 = 4*v. Let u be 6*v/(-9) - -1. Suppose 3*f = -5*q + 237, -4*q + 240 = -0*f + u*f. List the prime factors of f.
2, 3, 7
Suppose -3*w + 6*v + 2648 = v, 3488 = 4*w + 4*v. Let h = -505 + w. List the prime factors of h.
7, 53
Let s be 1*(2 - 1) - (-7 - -7). Let d be 18/(-117) - s/((-13)/67). Suppose -x = -6*i + i - 48, 4*x = -d*i + 217. What are the prime factors of x?
53
Suppose 0 = 5*v - v, 6*m - v - 30210 = 5*m. List the prime factors of m.
2, 3, 5, 19, 53
Let k = 50166 + -27825. List the prime factors of k.
3, 11, 677
Suppose 2*n = -2*i + 390, -n = 2*n. Suppose -80 = a - 0*c + 2*c, -2*a + 3*c = 181. Let b = a + i. List the prime factors of b.
109
Suppose 27*i - 3587 = 98932. What are the prime factors of i?
3797
Let m(b) = 19*b**2 - 17*b + 14. Suppose 4*r - 9*z + 8*z + 25 = 0, -3*z = -5*r - 40. What are the prime factors of m(r)?
2, 7, 41
Let m = 38821 + -28622. What are the prime factors of m?
7, 31, 47
Let v be -1*((-330)/(-24) + 1/4). List the prime factors of v/(-63) + (-21140)/(-45).
2, 5, 47
Let o be (4/8 - 28/(-8)) + 980. Let l = -700 + o. List the prime factors of l.
2, 71
Suppose -106*i = -105*i - 26. Let j = 2037 + -833. Suppose -33*o + j = -i*o. What are the prime factors of o?
2, 43
Let g be 225*1 - (-5)/(-3)*-3. Suppose 224*t - g*t = -3060. List the prime factors of t.
2, 3, 5, 17
List the prime factors of 44/4 - -2 - (-554736)/104.
5347
Let m(u) = 16*u**2 - 13*u + 6. List the prime factors of m(-25).
10331
Let w be (-15)/(-3) + 6/(0 + -3). Suppose -3*t = -2*t + 4*b + w, 2 = -b. List the prime factors of (-358)/t*30/(-12).
179
Let f be (-61560)/(-22) + (-16)/88. Suppose -8*c + 3330 = -f. List the prime factors of c.
2, 383
Let l = 1359 - -3249. List the prime factors of l.
2, 3
Let c be ((4 - -11) + -15)/(-1 + 0). Let o(v) be the second derivative of 7*v**3/6 + 76*v**2 - 5*v. What are the prime factors of o(c)?
2, 19
Let i be ((-325)/(-5)*-1)/(0 - -1). Let f = -56 - -221. Let k = f + i. List the prime factors of k.
2, 5
List the prime factors of 1720/(-1376) + (-69586)/(-8).
3, 13, 223
Suppose -5*v + 25 + 48 = -3*f, 5*f = 3*v - 111. Let w(a) = -a**2 - 17*a - 9. Let c be w(f). List the prime factors of 3/(-24) + 94*c/(-48).
2, 7, 13
Let g be 15 - (-1 - -1)*1/(-3). What are the prime factors of ((-489)/g)/(6/(-30))?
163
Suppose 6 = 3*l, 2*b - 5*l = -b + 80. Suppose -3*u = 2*u + b. List the prime factors of (-8)/u - 1280/(-30).
2, 11
Let c = -76939 + 125638. List the prime factors of c.
3, 7, 773
Suppose -3*c - c = 268. Let s(l) = 13*l + 16. Let q be s(8). Let n = q + c. What are the prime factors of n?
53
Let x be (6/5)/(-1)*(-975)/130. What are the prime factors of (-12)/x*12507/(-22)?
2, 379
What are the prime factors of 5 - (6 + 1 - (-6)/(36/(-225138)))?
3, 11, 379
Let i be 1 + 6 + -2 + -1 + 1. List the prime factors of (4 - i) + (-4 - -6 - -418).
419
Let p = 27159 - 12624. What are the prime factors of p?
3, 5, 17, 19
Let o(r) = -49*r - 189. Let m be o(-4). List the prime factors of 1/(m + 13505/(-1930)).
2, 193
Let f be 84/6 + -1 + 1. Let z(u) = -8 + f*u - 2 + 12*u - 1. List the prime factors of z(5).
7, 17
Let s = 307 - 181. Suppose -2*l - 66 = 60. Let f = s + l. List the prime factors of f.
3, 7
Suppose 2*p + 4 = 8. Suppose p*b + 3 = 1. List the prime factors of (-10)/(-25) + (b - (-628)/5).
5
Suppose 4*h - 1 - 7 = 2*d, 3*h = -2*d + 20. Suppose 5708 = 4*m + 4*x - 3*x, -d*x + 4281 = 3*m. What are the prime factors of m?
1427
Let d(t) = -3*t**2 - 3*t + 31. Let c be d(0). Suppose c*s = 35*s - 2108. List the prime factors of s.
17, 31
Let l(m) = -m**2 - 9*m - 12. Let x be l(-8). Let a be (-16)/12 + (-8140)/(-3). List the prime factors of 240/56 + x - a/(-14).
2, 97
Suppose 5*t - 2*q + 1067 = 0, -2*t - 211 = -t - q. Let m = 1049 - t. What are the prime factors of m?
2, 79
Let o = -276 + 346. Suppose -o*b + 3078 = -64*b. List the prime factors of b.
3, 19
What are the prime factors of -6*(1 + 2)*(-26)/117 + 4471?
5, 179
Let h(g) = 9*g**3 + 13*g**2 + 128*g - 5. Let v(d) = 4*d**3 + 7*d**2 + 64*d - 2. Let w(r) = -6*h(r) + 13*v(r). List the prime factors of w(-6).
2, 5, 13
Suppose -2*o = -5*x - 4, o + 4*x = -4*o + 10. Suppose 0 = -h - 2*i - 127, 3 = o*i + 11. What are the prime factors of (3 - 2)/((-1)/h)?
7, 17
Let r = 54295 - 33927. List the prime factors of r.
2, 19, 67
Let u(v) be the second derivative of v**4/3 - 23*v**3/6 + 39*v**2/2 + 68*v. What are the prime factors of u(17)?
2, 3, 67
Suppose -792*l + 795*l - 136530 = 7*i, -182008 = -4*l + 4*i. What are the prime factors of l?
2, 11, 47
Let i = 3310 - 2619. What are the prime factors of i?
691
Let r(s) = s**3 - 34*s**2 + 3*s - 108. Let j be r(34). Let a = 5 - 5. List the prime factors of (a + j/(-5))/((-8)/(-20)).
3
List the prime factors of (-68216)/(-9) - ((-1050)/70 + (-262)/(-18)).
2, 5, 379
Let w(l) = -154*l**3 - 2*l**2 + 3*l + 5. Let u be w(-2). Let f = u + -409. What are the prime factors of f?
2, 11, 37
Let v(d) be the second derivative of -14*d**3/3 - 15*d**2/2 + 4*d. Suppose 2*y - 3 = -x, 18*x = 13*x - 5*y - 5. List the prime factors of v(x).
5
Suppose 0 = -5*n - 78 - 77. Let s = -76 - n. Let w = s + 119. List the prime factors of w.
2, 37
Suppose 5*o - 35223 = j, -236 = -5*j - 276. List the prime factors of o.
7043
Suppose -829 - 119 = 4*w. Let y = -137 - -476. Let l = w + y. What are the prime factors of l?
2, 3, 17
Suppose -79*w = 36*w + 27*w - 1285526. List the prime factors of w.
11, 823
Let q = 1302 - -2082. Suppose 4*z = 4*d - 6768, 0 = -0*d - 2*d - 2*z + q. List the prime factors of d.
2, 3, 47
Let l(z) = -z**3 - 4*z**2 + 3*z + 3. Let m be l(-5). Let f be -465*(-5)/(-120)*-8. Suppose 18*y - m*y - f = 0. What are the prime factors of y?
31
Let d(j) = j**2 - 8*j + 19. Let o be d(5). Let s be (-50)/4*(-9)/((-45)/o). List the prime factors of 2090/(-33)*24/s*1.
2, 19
Let g(m) = 2*m**2 - 113*m - 2401. What are the prime factors of g(-83)?
2, 5189
Suppose 0 = 15*k + 17074 - 133579. List the prime factors of k.
3, 863
Let z(n) = -12*n + 4. Let b be z(-4). Suppose -2*g + b = 4*s - 672, -5*s = 2*g - 906. What are the prime factors of s?
2, 7, 13
Let k(n) = -n**3 - 15*n**2 - 17*n - 34. Let c be k(-14). Let j be (1 + (-12)/c)/((-1)/4). Suppose -16 = -j*w + 22. List the prime factors of w.
19
Suppose -5 = -2*v + 21. Suppose v*k = 12*k + 159. What are the prime factors of k?
3, 53
Suppose -5*d = -r + 41444, 40*d = r + 49*d - 41528. List the prime factors of r.
2, 89, 233
Let g(u) be the second derivative of 3*u**3 + 21*u**2/2 - 200*u. List the prime factors of g(23).
3, 5, 29
Suppose -5*h + 13 = -g, 0*g = -3*g + 3*h - 3. Suppose 2*d - 900 = -g*v, 5*d = 4*d - 5*v + 462. What are the prime factors of d?
3, 149
Let a be (-1)/((-1)/(1311/3)). Suppose 0 = -6*x - a + 1517. What are the prime factors of x?
2, 3, 5
Let g = 87 + -74. Let v = g + -79. Let r = v - -72. What are the prime factors of r?
2, 3
Let f be 123 - (3/2)/((-27)/36). Let g be (5/(f/45))/(3/15). Let u = g + 75. List the prime factors of u.
2, 3, 7
Suppose 0 = -24*m - 20 - 4. Let p(c) = 127*c + 4. Let g(k) = -190*k - 6. Let a(f) = 5*g(f) + 7*p(f). What are the prime factors of a(m)?
59
Let j = 293 + -158. Suppose x = -j - 113. Let h = x + 422. What are the prime factors of h?
2, 3, 29
Suppose -5*a + 4*p + 8 = 0, -5*a + 5*p + 1 = -9. Suppose 42*v - 40*v - 4 = a. Suppose 4*k - 299 = -z - 2*z, v*k - 153 = -5*z. List the prime factors of k.
2, 37
Let g be 1/((102/(-137136))/(-17)). List the prime factors of (-4)/14 - (-15)/(420/g).
2, 3, 17
Suppose -3*r - 3*o - 2 + 14 = 0, 0 = 4*o - 8. Suppose 6*d = 3*d + 960. Suppose r*p = -3*p + d. What are the prime factors of p?
2
List the prime factors of -12 - (14 - -29)*-405.
3, 5801
Suppose -32*z = -2124885 + 336021. What are the prime factors of z?
2, 3, 7, 11
What are the prime factors of (-27 + -6)*(-13 + -524)?
3, 11, 179
Let d(g) = -10*g**2 - 450*g + 14. List the prime factors of d(-31).
2, 7, 311
Let l be 105/6*(144/(-40) - -4). Suppose -6*d = -l*d - 3, -5*d + 7 = w. What are the prime factors of w?
2, 11
Let l(a) = 107*a**2 + 39*a - 112. What are the prime factors of l(3)?
2, 11
Suppose 0 = 2*d - 10, 3*d + 4083 = -3*x + 14337. What are the prime factors of x?
3413
Suppose 28*k - 320916 = 66240. What are the prime factors of k?
3, 1